{"id":19382,"date":"2025-05-19T15:16:28","date_gmt":"2025-05-19T12:16:28","guid":{"rendered":"https:\/\/ageo.ro\/biz\/?page_id=19382"},"modified":"2025-05-28T09:24:54","modified_gmt":"2025-05-28T06:24:54","slug":"next-level-business","status":"publish","type":"page","link":"https:\/\/ageo.ro\/biz\/next-level-business\/","title":{"rendered":"Next Level Business"},"content":{"rendered":"<div class=\"bt_rc_container\"><section id=\"bt_section69ee31c542873\"  class=\"boldSection topSemiSpaced bottomSpaced gutter inherit\"  data-animation-icon=\"no_icon\"><div class=\"port\"><div class=\"boldCell\"><div class=\"boldCellInner\"><div class=\"boldRow \" ><div class=\"boldRowInner\"><div class=\"rowItem col-md-12 col-ms-12  btTextLeft\"  data-width=\"12\"><div class=\"rowItemContent\" ><div class=\"bpgPhoto btTextCenter\" ><div class = \"btImage\"><img src=\"https:\/\/ageo.ro\/biz\/wp-content\/uploads\/2025\/05\/NEXT-LEVEL-BUSINESS-nou.jpg\" alt=\"https:\/\/ageo.ro\/biz\/wp-content\/uploads\/2025\/05\/NEXT-LEVEL-BUSINESS-nou.jpg\" ><\/div><\/div><\/div><\/div><\/div><\/div><\/div><\/div><\/div><\/section><section id=\"bt_section69ee31c54366e\"  class=\"boldSection topSmallSpaced bottomSmallSpaced gutter inherit\"  data-animation-icon=\"no_icon\"><div class=\"port\"><div class=\"boldCell\"><div class=\"boldCellInner\"><div class=\"boldRow \" ><div class=\"boldRowInner\"><div class=\"rowItem col-md-12 col-ms-12  btTextLeft\"  data-width=\"12\"><div class=\"rowItemContent\" ><div class=\"btText\" ><h3><strong><span style=\"color: #373a85;\">Descrierea cursului<\/span><\/strong><\/h3>\n<p style=\"text-align: justify;\">\u00centr-un mediu economic global tot mai interconectat, scalarea \u0219i interna\u021bionalizarea afacerii nu mai sunt un lux rezervat marilor companii, ci oportunit\u0103\u021bi strategice accesibile oric\u0103rui antreprenor vizionar. Extinderea pe pie\u021be externe ofer\u0103 nu doar acces la noi segmente de clien\u021bi, ci \u0219i diversificare, scalabilitate \u0219i rezilien\u021b\u0103 \u00een fa\u021ba provoc\u0103rilor locale.<\/p>\n<p style=\"text-align: justify;\">Acest curs \u00ee\u021bi ofer\u0103 un cadru clar, aplicat \u0219i strategic pentru a \u00een\u021belege \u0219i implementa procesele de scalare \u0219i extindere pe pie\u021bele externe. Vei descoperi cum po\u021bi valorifica oportunit\u0103\u021bile globale, cum \u00ee\u021bi po\u021bi adapta oferta \u0219i comunicarea \u0219i cum po\u021bi construi un brand personal solid \u0219i credibil la nivel na\u021bional \u0219i interna\u021bional.<\/p>\n<p style=\"text-align: justify;\">Fie c\u0103 e\u0219ti la \u00eenceput de drum sau deja ai o afacere consolidat\u0103 pe plan local, acest curs \u00ee\u021bi ofer\u0103 toate instrumentele necesare pentru a face urm\u0103torul pas cu \u00eencredere \u0219i claritate.<\/p>\n<\/div><\/div><\/div><\/div><\/div><\/div><\/div><\/div><\/section><section id=\"bt_section69ee31c54442c\"  class=\"boldSection topSmallSpaced bottomSmallSpaced gutter inherit\"  data-animation-icon=\"no_icon\"><div class=\"port\"><div class=\"boldCell\"><div class=\"boldCellInner\"><div class=\"boldRow \" ><div class=\"boldRowInner\"><div class=\"rowItem col-md-12 col-ms-12  btTextLeft\"  data-width=\"12\"><div class=\"rowItemContent\" ><div class=\"btText\" ><h3><strong><strong><span style=\"color: #373a85;\">C\u00e2nd?<\/span><\/strong><\/strong><\/h3>\n<p>11,12,13 iunie, interval 17:00 \u2013 20:00 \u2013 partea teoretic\u0103<\/p>\n<p>18 iunie, interval 17:00 \u2013 20:00 \u2013 examen practic<\/p>\n<\/div><\/div><\/div><\/div><\/div><\/div><\/div><\/div><\/section><section id=\"bt_section69ee31c5448b4\"  class=\"boldSection topSmallSpaced bottomSmallSpaced gutter inherit\"  data-animation-icon=\"no_icon\"><div class=\"port\"><div class=\"boldCell\"><div class=\"boldCellInner\"><div class=\"boldRow \" ><div class=\"boldRowInner\"><div class=\"rowItem col-md-12 col-ms-12  btTextLeft\"  data-width=\"12\"><div class=\"rowItemContent\" ><div class=\"btText\" ><h3><strong><strong><span style=\"color: #373a85;\">Cum se desf\u0103\u0219oar\u0103 cursul?<\/span><\/strong><\/strong><\/h3>\n<p style=\"text-align: justify;\">Cursul <strong><em>NEXT LEVEL BUSINESS \u2013 Strategii pentru scalarea \u0219i interna\u021bionalizarea afacerii \u0219i\u00a0<\/em><\/strong><strong><em>consolidarea brandului antreprenorilor<\/em><\/strong> se desf\u0103\u0219oar\u0103 online &#8211; live \u00een sistem de video-conferin\u021b\u0103 prin intermediul platformei ZOOM.<\/p>\n<\/div><\/div><\/div><\/div><\/div><\/div><\/div><\/div><\/section><section id=\"bt_section69ee31c544d9f\"  class=\"boldSection topSmallSpaced bottomSmallSpaced gutter inherit\"  data-animation-icon=\"no_icon\"><div class=\"port\"><div class=\"boldCell\"><div class=\"boldCellInner\"><div class=\"boldRow \" ><div class=\"boldRowInner\"><div class=\"rowItem col-md-12 col-ms-12  btTextLeft\"  data-width=\"12\"><div class=\"rowItemContent\" ><div class=\"btText\" ><h3><strong><strong><span style=\"color: #373a85;\">Structura cursului<\/span><\/strong><\/strong><\/h3>\n<p><strong><em><span style=\"color: #373a85;\">I. Strategii pentru dezvoltarea \u0219i scalarea IMM-urilor<\/span><\/em><\/strong><\/p>\n<p>I.1. Misiune, viziune, clarificarea ideii de business \u0219i a viziunii pe termen lung<\/p>\n<p>I.2. Management strategic \u0219i metode concrete de dezvoltare, inclusiv prin interna\u021bionalizarea afacerii<\/p>\n<p>I.3. Surse de finan\u021bare disponibile<\/p>\n<p><strong><em><span style=\"color: #373a85;\">II. Marketing digital, brand &amp; branding afaceri\/antreprenor<\/span><\/em><\/strong><\/p>\n<p>II.1. Strategii de marketing &amp; brand de companie\/branding personal<\/p>\n<p>II.2. Inteligen\u021ba Artificial\u0103 \u0219i viitorul antreprenorial<\/p>\n<p>II.3. Studii de caz, exemple \u0219i exerci\u021bii practice<\/p>\n<\/div><\/div><\/div><\/div><\/div><\/div><\/div><\/div><\/section><section id=\"bt_section69ee31c5453ae\"  class=\"boldSection topSmallSpaced bottomSmallSpaced gutter inherit\"  data-animation-icon=\"no_icon\"><div class=\"port\"><div class=\"boldCell\"><div class=\"boldCellInner\"><div class=\"boldRow \" ><div class=\"boldRowInner\"><div class=\"rowItem col-md-12 col-ms-12  btTextLeft\"  data-width=\"12\"><div class=\"rowItemContent\" ><div class=\"btText\" ><h3 style=\"text-align: justify;\"><strong><strong><span style=\"color: #373a85;\">Ce vei \u00eenv\u0103\u021ba concret?<\/span><\/strong><\/strong><\/h3>\n<p style=\"text-align: justify;\">Dup\u0103 finalizarea acestui curs, vei fi capabil s\u0103:<\/p>\n<ul style=\"text-align: justify;\">\n<li><strong>Optimizezi procesele<\/strong> existente, s\u0103 creezi proceduri \u0219i s\u0103 g\u0103se\u0219ti <strong>solu\u021bii care minimizeaz\u0103 costurile<\/strong><\/li>\n<li><strong>Analizezi poten\u021bialul pie\u021belor interna\u021bionale<\/strong> \u0219i s\u0103 identifici oportunit\u0103\u021bi relevante pentru afacerea ta<\/li>\n<li><strong>Identifici sursele de finan\u021bare <\/strong>disponibile \u0219i criteriile de eligibilitate<\/li>\n<li><strong>Elaborezi o strategie de interna\u021bionalizare<\/strong> adaptat\u0103 specificului afacerii tale<\/li>\n<li><strong>Adaptezi strategiile de marketing \u0219i comunicare<\/strong> pentru a atrage noi clien\u021bi<\/li>\n<li><strong>Construie\u0219ti \u0219i gestionezi un brand puternic<\/strong> pe pie\u021bele globale<\/li>\n<li><strong>\u00ce\u021bi consolidezi brandul personal<\/strong> de lider cu viziune global\u0103<\/li>\n<\/ul>\n<\/div><\/div><\/div><\/div><\/div><\/div><\/div><\/div><\/section><section id=\"bt_section69ee31c545a84\"  class=\"boldSection topSmallSpaced bottomSmallSpaced gutter inherit\"  data-animation-icon=\"no_icon\"><div class=\"port\"><div class=\"boldCell\"><div class=\"boldCellInner\"><div class=\"boldRow \" ><div class=\"boldRowInner\"><div class=\"rowItem col-md-4 col-ms-12 btTextLeft\"  data-width=\"4\"><div class=\"rowItemContent\" ><\/div><\/div><div class=\"rowItem col-md-4 col-ms-12 btTextLeft\"  data-width=\"4\"><div class=\"rowItemContent\" ><a href=\"https:\/\/forms.gle\/fp5Aw41nNHjRKhie7\" class=\"btBtn btBtn btnFilledStyle btnAccentColor btnSmall btnNormalWidth btnInlinePosition btnNoIcon\" ><span class=\"btnInnerText\">\u00censcrie-te acum!<\/span><\/a><\/div><\/div><div class=\"rowItem col-md-4 col-ms-12 btTextLeft\"  data-width=\"4\"><div class=\"rowItemContent\" ><\/div><\/div><\/div><\/div><\/div><\/div><\/div><\/section><section id=\"bt_section69ee31c54611b\"  class=\"boldSection topSmallSpaced bottomSmallSpaced gutter inherit\"  data-animation-icon=\"no_icon\"><div class=\"port\"><div class=\"boldCell\"><div class=\"boldCellInner\"><div class=\"boldRow \" ><div class=\"boldRowInner\"><div class=\"rowItem col-md-12 col-ms-12  btTextLeft\"  data-width=\"12\"><div class=\"rowItemContent\" ><div class=\"btText\" ><h3><strong><strong><span style=\"color: #373a85;\">Traineri:<\/span><\/strong><\/strong><\/h3>\n<\/div><div class=\"bpgPhoto btTextCenter\" ><div class = \"btImage\"><img src=\"https:\/\/ageo.ro\/biz\/wp-content\/uploads\/2025\/05\/Traineri-Next-Level-Business.jpg\" alt=\"https:\/\/ageo.ro\/biz\/wp-content\/uploads\/2025\/05\/Traineri-Next-Level-Business.jpg\" ><\/div><\/div><div class=\"btClear btSeparator topSmallSpaced bottomExtraSmallSpaced noBorder\" ><hr><\/div><div class=\"btText\" ><ul>\n<li style=\"text-align: justify;\">Marius este CEO al companiei de media Arhipelago \u0219i este un reprezentant de marc\u0103 pentru antreprenoriatul din nord estul \u021b\u0103rii. S-a f\u0103cut remarcat prin implicarea activ\u0103 \u00een dezvoltarea mediului de afaceri na\u021bional, \u00een special prin promovarea unor instrumente online de sprijinire a \u00eentreprinz\u0103torilor, printre altele fiind fondatorul portalului Finantare.ro.<\/li>\n<li style=\"text-align: justify;\">A \u00eenfiin\u021bat \u0219i sprijinit mai multe ONG-uri \u0219i think-tank-uri cu impact asupra dezvolt\u0103rii regionale \u0219i na\u021bionale. \u00cen 2010 a fost pre\u0219edinte JCI Rom\u00e2nia, iar din 2011 este pre\u0219edintele APEC.<\/li>\n<li style=\"text-align: justify;\">\u00a0Cu o activitate bogat\u0103 \u00een spate, a \u00eembr\u0103cat mai multe haine din punct de vedere profesional, dintre care amintim pe cele de \u00eentreprinz\u0103tor, manager, trainer, profesor universitar, speaker, lider politic, lider ONG \u0219i, nu \u00een ultimul r\u00e2nd, organizator de conferin\u021be de afaceri.<\/li>\n<\/ul>\n<\/div><div class=\"btClear btSeparator topSmallSpaced bottomExtraSmallSpaced border\" ><hr><\/div><div class=\"bpgPhoto btTextCenter\" ><div class = \"btImage\"><img src=\"https:\/\/ageo.ro\/biz\/wp-content\/uploads\/2025\/05\/5.png\" alt=\"https:\/\/ageo.ro\/biz\/wp-content\/uploads\/2025\/05\/5.png\" ><\/div><\/div><div class=\"btClear btSeparator topSmallSpaced bottomExtraSmallSpaced noBorder\" ><hr><\/div><div class=\"btText\" ><ul>\n<li style=\"text-align: justify;\">Expert\u0103 \u00een comunicare, competen\u021be antreprenoriale \u0219i management de evenimente, Amalia vine cu o experien\u021b\u0103 de peste 20 de ani, dintre care mai bine de 18 \u00een antreprenoriat!<\/li>\n<li style=\"text-align: justify;\">Este fondatoarea AGEO Biz &amp; Corporate Events \u0219i, \u00eempreun\u0103 cu familia, conduce BIOCOMP \u2013 lider \u00een solu\u021bii de dezinfec\u021bie cu lumin\u0103 UV-C, cu o tradi\u021bie de peste 34 de ani!<\/li>\n<li style=\"text-align: justify;\">Sus\u021bine constant antreprenoriatul feminin ca prim-vicepre\u0219edint\u0103 a patronatului OFA- Organiza\u021bia Femeilor Antreprenor, dar \u0219i educa\u021bia antreprenorial\u0103, prin cursurile pe care le pred\u0103 \u00een cadrul Focus Business School Rom\u00e2nia \u0219i a altor furnizori de cursuri acreditate, \u00een calitate de formator ANC \u015fi trainer.<\/li>\n<li style=\"text-align: justify;\">Reprezint\u0103 \u021a\u0103rile de Jos \u00een Regiunea de Nord-Est ca \u015fi Consul Onorific la Ia\u015fi \u0219i pred\u0103, ca profesor asociat, la Universitatea Tehnic\u0103 \u201eGh. Asachi\u201d din Ia\u0219i<\/li>\n<li style=\"text-align: justify;\">Creaz\u0103 \u015fi sus\u021bine comunit\u0103\u021bi valoroase de antreprenoriat, promoveaz\u0101 puterea asocierii \u015fi o face activ \u0219i prin rolul pe care \u00eel are ca pre\u0219edinte al Clubului Afaceri.ro Rom\u00e2nia, adun\u00e2nd oameni valoro\u0219i din business la un loc sau co-orgsniz\u00e2nd diverse misiuni economice la nivel interna\u021bional.<\/li>\n<\/ul>\n<\/div><div class=\"btClear btSeparator topSmallSpaced bottomExtraSmallSpaced border\" ><hr><\/div><div class=\"bpgPhoto btTextCenter\" ><div class = \"btImage\"><img src=\"https:\/\/ageo.ro\/biz\/wp-content\/uploads\/2025\/05\/6.png\" alt=\"https:\/\/ageo.ro\/biz\/wp-content\/uploads\/2025\/05\/6.png\" ><\/div><\/div><div class=\"btClear btSeparator topSmallSpaced bottomExtraSmallSpaced noBorder\" ><hr><\/div><div class=\"btText\" ><ul>\n<li style=\"text-align: justify;\">Manager de top cu +35 de ani de experien\u021b\u0103 \u00een conducere strategic\u0103 \u0219i opera\u021bional\u0103 \u00een companii mici, mijlocii \u0219i mari, grupuri de companii, multina\u021bionale, companii private sau de stat.<\/li>\n<li style=\"text-align: justify;\">Experien\u021b\u0103 \u00een managementul v\u00e2nz\u0103rilor, marketing, dep\u0103\u0219irea \u021bintelor de venituri \u0219i profitabilitate, conducerea echipelor interna\u021bionale de \u00eenalt\u0103 performan\u021b\u0103 \u00een cre\u0219terea eficien\u021bei opera\u021bionale.<\/li>\n<li style=\"text-align: justify;\">Domeniile sale de expertiz\u0103 includ managementul strategic al afacerii, managementul inov\u0103rii \u0219i dezvolt\u0103rii de produs, managementul v\u00e2nz\u0103rilor, managementul produc\u021biei \u0219i managementul performan\u021bei.<\/li>\n<li style=\"text-align: justify;\">Este CEO-ul companiei BIOCOMP, lider \u00een cercetarea-dezvoltarea si produc\u021bia dispozitivelor pentru dezinfec\u021bie cu lumin\u0103 ultraviolet\u0103 UV-C.<\/li>\n<li style=\"text-align: justify;\">A activat \u00een func\u021bii de conducere \u00een companii precum Coca Cola, Arcadis, grupul de firme Conex, Bursa de M\u0103rfuri Ia\u0219i, Ispal.<\/li>\n<\/ul>\n<\/div><\/div><\/div><\/div><\/div><\/div><\/div><\/div><\/section><section id=\"bt_section69ee31c548015\"  class=\"boldSection topSmallSpaced bottomSmallSpaced gutter inherit\"  data-animation-icon=\"no_icon\"><div class=\"port\"><div class=\"boldCell\"><div class=\"boldCellInner\"><div class=\"boldRow \" ><div class=\"boldRowInner\"><div class=\"rowItem col-md-12 col-ms-12  btTextLeft\"  data-width=\"12\"><div class=\"rowItemContent\" ><div class=\"btText\" ><h3 style=\"text-align: justify;\"><strong><strong><span style=\"color: #373a85;\">De ce s\u0103 investe\u0219ti \u00een acest curs?<\/span><\/strong><\/strong><\/h3>\n<p style=\"text-align: justify;\">Participarea la cursul nostru \u00ee\u021bi ofer\u0103 avantaje competitive semnificative:<\/p>\n<ul>\n<li style=\"text-align: justify;\"><strong>Accelereaz\u0103 cre\u0219terea afacerii tale:<\/strong> Exploreaz\u0103 pie\u021be noi, atrage noi clien\u021bi \u0219i genereaz\u0103 venituri suplimentare.<\/li>\n<li style=\"text-align: justify;\"><strong>Diversific\u0103 riscurile:<\/strong> Redu dependen\u021ba de pia\u021ba local\u0103 \u0219i protejeaz\u0103-\u021bi afacerea de fluctua\u021biile economice regionale.<\/li>\n<li style=\"text-align: justify;\"><strong>Consolideaz\u0103-\u021bi brandul:<\/strong> O prezen\u021b\u0103 interna\u021bional\u0103 solid\u0103 cre\u0219te credibilitatea \u0219i prestigiul afacerii tale.<\/li>\n<li style=\"text-align: justify;\"><strong>\u00cembun\u0103t\u0103\u021be\u0219te-\u021bi abilit\u0103\u021bile de leadership:<\/strong> Navigarea complexit\u0103\u021bii interna\u021bionale te transform\u0103 \u00eentr-un lider mai adaptabil \u0219i mai strategic.<\/li>\n<li style=\"text-align: justify;\"><strong>Ob\u021bine un avantaj competitiv:<\/strong> Fii un pionier pe pie\u021bele globale \u0219i dep\u0103\u0219e\u0219te concuren\u021ba local\u0103.<\/li>\n<li style=\"text-align: justify;\"><strong>Investe\u0219te \u00een dezvoltarea ta personal\u0103:<\/strong> Extinderea orizonturilor afacerii tale contribuie semnificativ la brandingul t\u0103u ca antreprenor.<\/li>\n<li style=\"text-align: justify;\"><strong>Acces la resurse<\/strong> PDF, fi\u0219e de lucru \u0219i materiale bonus.<\/li>\n<\/ul>\n<\/div><\/div><\/div><\/div><\/div><\/div><\/div><\/div><\/section><section id=\"bt_section69ee31c548751\"  class=\"boldSection topSmallSpaced bottomSmallSpaced gutter inherit\"  data-animation-icon=\"no_icon\"><div class=\"port\"><div class=\"boldCell\"><div class=\"boldCellInner\"><div class=\"boldRow \" ><div class=\"boldRowInner\"><div class=\"rowItem col-md-12 col-ms-12  btTextLeft\"  data-width=\"12\"><div class=\"rowItemContent\" ><div class=\"btText\" ><h3><strong><strong><span style=\"color: #373a85;\">Cui se adreseaz\u0103 cursul?<\/span><\/strong><\/strong><\/h3>\n<p>Acest curs este ideal pentru:<\/p>\n<ul>\n<li>Antreprenori la \u00eenceput de drum<\/li>\n<li>IMM-uri care doresc s\u0103 \u00ee\u0219i extind\u0103 afacerea pe pie\u021bele interna\u021bionale<\/li>\n<li>Manageri<\/li>\n<li>Consultan\u021bi de business \u0219i brand care vor s\u0103-\u0219i extind\u0103 expertiza<\/li>\n<li>Oricine dore\u0219te s\u0103-\u0219i transforme brandul personal \u00eentr-un vector de cre\u0219tere global\u0103<\/li>\n<\/ul>\n<\/div><\/div><\/div><\/div><\/div><\/div><\/div><\/div><\/section><section id=\"bt_section69ee31c548cc4\"  class=\"boldSection topSmallSpaced bottomSmallSpaced gutter inherit\"  data-animation-icon=\"no_icon\"><div class=\"port\"><div class=\"boldCell\"><div class=\"boldCellInner\"><div class=\"boldRow \" ><div class=\"boldRowInner\"><div class=\"rowItem col-md-12 col-ms-12  btTextLeft\"  data-width=\"12\"><div class=\"rowItemContent\" ><div class=\"btText\" ><h3><strong><strong><span style=\"color: #373a85;\">Format \u0219i durat\u0103<\/span><\/strong><\/strong><\/h3>\n<ul>\n<li>Durat\u0103: 4 zile \/ 12 ore<\/li>\n<li>Format: Online<\/li>\n<\/ul>\n<\/div><\/div><\/div><\/div><\/div><\/div><\/div><\/div><\/section><section id=\"bt_section69ee31c549165\"  class=\"boldSection topSmallSpaced bottomSmallSpaced gutter inherit\"  data-animation-icon=\"no_icon\"><div class=\"port\"><div class=\"boldCell\"><div class=\"boldCellInner\"><div class=\"boldRow \" ><div class=\"boldRowInner\"><div class=\"rowItem col-md-12 col-ms-12  btTextLeft\"  data-width=\"12\"><div class=\"rowItemContent\" ><div class=\"btText\" ><h3><strong><strong><span style=\"color: #373a85;\">Investi\u021bia ta<\/span><\/strong><\/strong><\/h3>\n<p>100 euro + TVA<\/p>\n<\/div><\/div><\/div><\/div><\/div><\/div><\/div><\/div><\/section><section id=\"bt_section69ee31c549592\"  class=\"boldSection topSmallSpaced bottomSmallSpaced gutter inherit\"  data-animation-icon=\"no_icon\"><div class=\"port\"><div class=\"boldCell\"><div class=\"boldCellInner\"><div class=\"boldRow \" ><div class=\"boldRowInner\"><div class=\"rowItem col-md-12 col-ms-12  btTextLeft\"  data-width=\"12\"><div class=\"rowItemContent\" ><div class=\"btText\" ><h3><strong><strong><span style=\"color: #373a85;\">Pachete speciale: <\/span><\/strong><\/strong><\/h3>\n<ul>\n<li>2 participan\u021bi \u00eenscri\u0219i: 3% reducere<\/li>\n<li>3-5 participan\u021bi \u00eenscri\u0219i: 5% reducere<\/li>\n<li>Peste 5 participan\u021bi \u00eenscri\u0219i: 10% reducere<\/li>\n<li>50% discount special pentru studen\u021bi<\/li>\n<\/ul>\n<\/div><\/div><\/div><\/div><\/div><\/div><\/div><\/div><\/section><section id=\"bt_section69ee31c549a7e\"  class=\"boldSection topSmallSpaced bottomSmallSpaced gutter inherit\"  data-animation-icon=\"no_icon\"><div class=\"port\"><div class=\"boldCell\"><div class=\"boldCellInner\"><div class=\"boldRow \" ><div class=\"boldRowInner\"><div class=\"rowItem col-md-12 col-ms-12  btTextLeft\"  data-width=\"12\"><div class=\"rowItemContent\" ><div class=\"btText\" ><p style=\"text-align: justify;\"><strong>\u00censcrie-te acum \u0219i \u00eencepe s\u0103-\u021bi scalezi afacerea global!<\/strong><\/p>\n<p style=\"text-align: justify;\"><strong>Locurile sunt limitate!<\/strong> Asigur\u0103-\u021bi accesul la un curs care poate schimba direc\u021bia afacerii tale!<\/p>\n<\/div><\/div><\/div><\/div><\/div><\/div><\/div><\/div><\/section><section id=\"bt_section69ee31c549f2b\"  class=\"boldSection topSmallSpaced bottomSmallSpaced gutter inherit\"  data-animation-icon=\"no_icon\"><div class=\"port\"><div class=\"boldCell\"><div class=\"boldCellInner\"><div class=\"boldRow \" ><div class=\"boldRowInner\"><div class=\"rowItem col-md-4 col-ms-12 btTextLeft\"  data-width=\"4\"><div class=\"rowItemContent\" ><\/div><\/div><div class=\"rowItem col-md-4 col-ms-12 btTextLeft\"  data-width=\"4\"><div class=\"rowItemContent\" ><a href=\"https:\/\/forms.gle\/fp5Aw41nNHjRKhie7\" class=\"btBtn btBtn btnFilledStyle btnAccentColor btnSmall btnNormalWidth btnInlinePosition btnNoIcon\" ><span class=\"btnInnerText\">\u00ceNSCRIE-TE ACUM!<\/span><\/a><\/div><\/div><div class=\"rowItem col-md-4 col-ms-12 btTextLeft\"  data-width=\"4\"><div class=\"rowItemContent\" ><\/div><\/div><\/div><\/div><\/div><\/div><\/div><\/section><\/div>","protected":false},"excerpt":{"rendered":"","protected":false},"author":1,"featured_media":19457,"parent":0,"menu_order":0,"comment_status":"closed","ping_status":"closed","template":"","meta":[],"yst_prominent_words":[],"_links":{"self":[{"href":"https:\/\/ageo.ro\/biz\/wp-json\/wp\/v2\/pages\/19382"}],"collection":[{"href":"https:\/\/ageo.ro\/biz\/wp-json\/wp\/v2\/pages"}],"about":[{"href":"https:\/\/ageo.ro\/biz\/wp-json\/wp\/v2\/types\/page"}],"author":[{"embeddable":true,"href":"https:\/\/ageo.ro\/biz\/wp-json\/wp\/v2\/users\/1"}],"replies":[{"embeddable":true,"href":"https:\/\/ageo.ro\/biz\/wp-json\/wp\/v2\/comments?post=19382"}],"version-history":[{"count":45,"href":"https:\/\/ageo.ro\/biz\/wp-json\/wp\/v2\/pages\/19382\/revisions"}],"predecessor-version":[{"id":19460,"href":"https:\/\/ageo.ro\/biz\/wp-json\/wp\/v2\/pages\/19382\/revisions\/19460"}],"wp:featuredmedia":[{"embeddable":true,"href":"https:\/\/ageo.ro\/biz\/wp-json\/wp\/v2\/media\/19457"}],"wp:attachment":[{"href":"https:\/\/ageo.ro\/biz\/wp-json\/wp\/v2\/media?parent=19382"}],"wp:term":[{"taxonomy":"yst_prominent_words","embeddable":true,"href":"https:\/\/ageo.ro\/biz\/wp-json\/wp\/v2\/yst_prominent_words?post=19382"}],"curies":[{"name":"wp","href":"https:\/\/api.w.org\/{rel}","templated":true}]}}