{"id":15919,"date":"2019-09-05T16:59:06","date_gmt":"2019-09-05T13:59:06","guid":{"rendered":"https:\/\/ageo.ro\/biz\/?page_id=15919"},"modified":"2023-09-05T16:08:06","modified_gmt":"2023-09-05T13:08:06","slug":"public-speaking-branding-personal","status":"publish","type":"page","link":"https:\/\/ageo.ro\/biz\/public-speaking-branding-personal\/","title":{"rendered":"Public Speaking &#038; Branding Personal"},"content":{"rendered":"<div class=\"bt_rc_container\"><section id=\"bt_section69ee32a1c1031\"  class=\"boldSection gutter\" ><div class=\"port\"><div class=\"boldCell\"><div class=\"boldCellInner\"><div class=\"boldRow \" ><div class=\"boldRowInner\"><div class=\"rowItem col-md-12 col-ms-12  btTextLeft\"  data-width=\"12\"><div class=\"rowItemContent\" ><div class=\"btClear btSeparator topSmallSpaced bottomSmallSpaced noBorder\" ><hr><\/div><div class=\"bpgPhoto btTextCenter\" ><div class = \"btImage\"><img src=\"https:\/\/ageo.ro\/biz\/wp-content\/uploads\/2023\/08\/curs-PB-BP-1.png\" alt=\"https:\/\/ageo.ro\/biz\/wp-content\/uploads\/2023\/08\/curs-PB-BP-1.png\" ><\/div><\/div><div class=\"btClear btSeparator topSmallSpaced bottomSmallSpaced noBorder\" ><hr><\/div><a href=\"https:\/\/forms.gle\/7MMTRiQ5hXDK7nB37\" class=\"btBtn btBtn btnFilledStyle btnAccentColor btnSmall btnNormalWidth btnInlinePosition btnNoIcon\"  target=\"_blank\"><span class=\"btnInnerText\">\u00censcrie-te acum!<\/span><\/a><div class=\"btClear btSeparator topSmallSpaced bottomSmallSpaced noBorder\" ><hr><\/div><div class=\"btText\" ><p style=\"text-align: justify;\">AGEO Biz organizeaz\u0103, pe durata a trei zile (22-24 septembrie 2023), un nou curs de <span style=\"color: #373a85;\"><em><strong>Public Speaking \u015fi Branding Personal<\/strong><\/em><\/span>, ce \u00ee\u0163i va ar\u0103ta cine e\u015fti, ce po\u0163i s\u0103 faci \u015fi c\u00e2t de bun po\u0163i s\u0103 fii!<\/p>\n<p style=\"text-align: justify;\">Vino, provoac\u0103-\u0163i limitele, accept\u0103 progresul \u015fi descoper\u0103 succesul!<\/p>\n<\/div><div class=\"btClear btSeparator topSmallSpaced bottomSmallSpaced noBorder\" ><hr><\/div><div class=\"btText\" ><p style=\"text-align: justify;\"><strong><span style=\"color: #373a85;\">OBIECTIVE TRAINING:<\/span><\/strong><br \/>\n1. Transmiterea de tehnici \u015fi de strategii de evaluare personal\u0103 pentru determinarea \u015fi identificarea brandingului personal;<br \/>\n2. Evaluarea \u015fi \u00eembun\u0103t\u0103\u0163irea abilit\u0103\u0163ilor de vorbire \u00een public;<br \/>\n3. Transmiterea de strategii de vorbire \u00een public, con\u015ftientizare a limbajului corpului \u015fi \u00eemputernicirea vorbitorului pentru a avea siguran\u0163\u0103 \u015fi \u00eencredere \u00een fa\u0163a publicului poten\u0163ial;<br \/>\n4. Organizarea de sesiuni practice de lucru pe teme concrete de public speaking \u015fi branding personal;<br \/>\n5. Transmiterea de tehnici de vorbire \u00een public, realizarea unui discurs \u015fi \u00eensu\u015firea acestor informa\u0163ii prin exerci\u0163ii practice individuale \u015fi de grup.<\/p>\n<\/div><div class=\"btClear btSeparator topSmallSpaced bottomSmallSpaced noBorder\" ><hr><\/div><div class=\"btText\" ><p style=\"text-align: justify;\"><span style=\"color: #373a85;\"><strong>BENEFICII PARTICIPARE:<\/strong><\/span><br \/>\n1. Servicii de training specializat pe tema \u201cPublic Speaking \u015fi Branding Personal\u201d;<br \/>\n2. Evaluarea personalit\u0103\u0163ii fiec\u0103rui participant prin diverse teste de competen\u0163e \u015fi evaluare personal\u0103;<br \/>\n3. Abordare teme diverse: marketing, comunicare, programare neuro-lingvistic\u0103, strategii de branding \u015fi marketing personal, comunicare interpersonal\u0103, public speaking, evaluare psihologic\u0103, tehnici teatrale scenografice etc.<br \/>\n4. Program organizat dinamic, \u00eembin\u00e2nd teoria \u015fi practica pentru a crea dinamica \u00een grup \u015fi relevan\u0163a asupra informa\u0163iilor predate;<br \/>\n5. Posibilitatea de a participa la un exerci\u0163iu personal de public speaking pe o scen\u0103 cu microfon pentru fiecare participant \u00een baza unui program de preg\u0103tire \u00een prealabil;<br \/>\n6. Identificarea ocaziilor \u015fi a domeniilor de interven\u0163ie \u015fi \u00eembun\u0103t\u0103\u0163ire \u00een via\u0163a personal\u0103, academic\u0103 \u015fi cea profesional\u0103, \u00een aria de public speaking;<br \/>\n7. Dezvoltarea abilit\u0103\u0163ilor de interac\u0163iune cu publicul prin interac\u0163ionare direct\u0103 \u00een cadrul test\u0103rii \u015fi prin evaluarea rezultatelor;<br \/>\n8. Livrabile: Evaluare personal\u0103, Suport de curs \u00een format electronic, exerci\u0163ii practice \u00een clas\u0103, diplom\u0103 de absolvire curs.<\/p>\n<\/div><div class=\"btClear btSeparator topSmallSpaced bottomSmallSpaced noBorder\" ><hr><\/div><div class=\"btText\" ><p><strong><span style=\"color: #373a85;\">DESPRE TRAINER<\/span><\/strong><\/p>\n<p style=\"text-align: justify;\"><a href=\"https:\/\/ageo.ro\/biz\/wp-content\/uploads\/2019\/09\/56726536_2129772973786967_5256899670902308864_n-crop.png\" data-rel=\"lightbox-gallery-KtRn2C4E\" data-rl_title=\"\" data-rl_caption=\"\" title=\"\"><img loading=\"lazy\" class=\"alignleft wp-image-15925 size-thumbnail\" src=\"https:\/\/ageo.ro\/biz\/wp-content\/uploads\/2019\/09\/56726536_2129772973786967_5256899670902308864_n-crop-160x160.png\" alt=\"\" width=\"160\" height=\"160\" \/><\/a><span style=\"color: #373a85;\"><strong>Ec. Amalia Georgescu<\/strong><\/span><br \/>\nAmalia Georgescu gestioneaz\u0103 AGEO Events, este coach, speaker, moderator, trainer autorizat ANC, evaluator proiecte, consultant specialist \u00een marketing \u015fi rela\u0163ii publice, event management specialist, trainer-coordonator al Focus Business School Rom\u00e2nia \u015fi ambasador al Funda\u0163iei StarofHope Rom\u00e2nia.<\/p>\n<p style=\"text-align: justify;\">De peste 18 ani, organizeaz\u0103 evenimente private \u015fi corporate, teambuildinguri \u015fi traininguri pe teme precum: Branding Personal, Management de Eveniment, Event Based Marketing Strategies, Competen\u0163e Antreprenoriale, Marketing \u015fi Rela\u0163ii Publice, Public Speaking etc.<\/p>\n<p style=\"text-align: justify;\">Crede c\u0103 prin cunoa\u015fterea de sine, prin definirea scopului \u015fi a pasiunilor, zi de zi putem face cu pl\u0103cere orice ne propunem. Amalia este pasionat\u0103 de c\u0103l\u0103torii, c\u0103r\u0163i de marketing, psihologie \u015fi dezvoltare persoanal\u0103, muzica anilor \u201880-90 \u015fi de orice poate \u00eenfrumuse\u0163a via\u0163a. Consider\u0103 c\u0103 prin investi\u0163ia \u00een propria persoan\u0103 \u015fi prin cre\u015fterea \u00eencrederii \u00een sine este mult mai u\u015for s\u0103 d\u0103ruim celor din jur, s\u0103 ne implic\u0103m \u00een proiectele societ\u0103\u0163ii, s\u0103 iubim, s\u0103 fim responsabili cu deciziile luate \u015fi s\u0103 facem cu adev\u0103rat diferen\u0163a acolo unde ne afl\u0103m.<\/p>\n<p style=\"text-align: justify;\">Motto-ul ei: <strong>\u201cF\u0103 ceea ce \u00ee\u0163i place, dar ai grij\u0103 s\u0103 \u00ee\u0163i fac\u0103 bine ceea ce \u00ee\u0163i place.\u201d<\/strong><\/p>\n<\/div><div class=\"btClear btSeparator topSmallSpaced bottomSmallSpaced noBorder\" ><hr><\/div><div class=\"btText\" ><p style=\"text-align: justify;\"><span style=\"color: #373a85;\"><strong>C\u00c2T INVESTE\u015eTI?<\/strong><\/span><\/p>\n<p style=\"text-align: justify;\">Investi\u0163ia total\u0103 este de<strong><em><span style=\"color: #373a85;\"> 600 lei\/persoan\u0103 <\/span><\/em><\/strong>\u015fi cuprinde:<\/p>\n<ul>\n<li style=\"text-align: justify;\">Accesul la curs, exerci\u0163iile \u015fi dezbaterile din cadrul acestuia;<\/li>\n<li style=\"text-align: justify;\">\u00cendrumarea trainerului pe tot parcursul evenimentului;<\/li>\n<li style=\"text-align: justify;\">Strategii \u015fi informa\u0163ii concrete, u\u015for de aplicat, adaptate cerin\u0163elor actuale ale pie\u0163ei;<\/li>\n<li style=\"text-align: justify;\">Suportul de curs \u015fi alte materialele de studiu, \u00een format electronic;<\/li>\n<li style=\"text-align: justify;\">Diplom\u0103 de participare eliberat\u0103 de AGEO Events.<\/li>\n<\/ul>\n<\/div><div class=\"btClear btSeparator topSmallSpaced bottomSmallSpaced noBorder\" ><hr><\/div><div class=\"btText\" ><p style=\"text-align: justify;\"><span style=\"color: #373a85;\"><strong>CE SPUN CURSAN\u021aII NO\u0218TRI?<\/strong><\/span><\/p>\n<p><span style=\"color: #373a85;\"><strong>Andreia Albu, Ia\u0219i<br \/>\n<\/strong><\/span><\/p>\n<p style=\"text-align: justify;\"><em>Acum un an, \u00een preg\u0103tirea mea pentru un concurs de public speaking, am aflat despre Amalia de la mama mea, care observase frustrarea mea fa\u021b\u0103 de faptul c\u0103 voiam mai mult de la mine ca \u0219i speaker. Am decis s\u0103 \u00eencerc. Ajuns\u0103 \u00een biroul Amaliei, am trecut prin ipostaze care m-au scos din zona de comfort \u00eentr-un mediu \u00een care am sim\u021bit c\u0103 pot avea \u00eencredere. Am \u021bipat, am respirat, am \u0219optit, ca mai apoi, \u00eentr-un mult a\u0219teptat final, s\u0103 pot POVESTI. Experien\u021ba cu Amalia nu m-a f\u0103cut doar un speaker mai bun, ci m-a \u00eenv\u0103\u021bat lucruri importante de care avem cu to\u021bii nevoie \u0219i \u00een comunicarea nostr\u0103 de zi cu zi. \u00cen cele 4-5 \u0219edin\u021be petrecute cu ea, am ajuns s\u0103 \u00eenv\u0103\u021b s\u0103 m\u0103 exprim mai frumos \u0219i eficient, nu doar \u00een fa\u021ba unui public ci \u0219i \u00een comunicarea cu persoane din via\u021ba mea.<\/em><\/p>\n<\/div><div class=\"btText\" ><p><span style=\"color: #373a85;\"><strong>R\u0103zvan \u0218tef\u0103nescu, Ia\u0219i<br \/>\n<\/strong><\/span><\/p>\n<p style=\"text-align: justify;\"><em>Am participat cu mare drag la cursul Public Speaking &amp; Branding Personal \u021binut de doamna Amalia Georgescu. Pot spune c\u0103 sunt o persoan\u0103 timid\u0103 chiar dac\u0103 nu ar\u0103t asta, aici am \u00eenv\u0103\u021bat s\u0103 m\u0103 dezvolt prin punerea \u00een practic\u0103 a &#8222;calit\u0103\u021bilor care sunt slabe&#8221; \u00een ceva benefic. De multe ori vorbesc repede, dar aici am \u00eenv\u0103\u021bat cum s\u0103 deschid gura, cum s\u0103 pronun\u021b corect \u0219i am mai \u00eenv\u0103\u021bat cum &#8222;s\u0103 \u00ee\u021bi vinzi marfa&#8221;. Dac\u0103 te consideri neputincios \u00een a vorbi cu oamenii sau chiar \u00een public te motivez s\u0103 te \u00eenscrii \u0219i crede-m\u0103 c\u0103 nu vei pierde, ci vei avea de c\u00e2\u0219tigat.<\/em><\/p>\n<\/div><div class=\"btText\" ><p><span style=\"color: #373a85;\"><strong>Ancu\u021ba Cotle\u021b, Ia\u0219i<br \/>\n<\/strong><\/span><\/p>\n<p style=\"text-align: justify;\"><em>Public Speaking cu Amalia a fost o experien\u021b\u0103 \u00eenainte de toate; o combina\u021bie fin\u0103 de teorie cu suport 100% practic. Pe parcursul cursului am \u00eenv\u0103\u021bat tehnici, am f\u0103cut analize de discurs, dar \u0219i foarte multe exerci\u021bii pe care de atunci le folosesc \u00eenainte de a \u021bine un moment de vorbit \u00een public. Recomand cu drag at\u00e2t cursul c\u00e2t \u0219i pe Amalia, care, cu bl\u00e2nde\u021be \u0219i mult\u0103 voie bun\u0103, mi-a oferit informa\u021bii valoroase \u0219i m-a ajutat s\u0103 \u00eemi \u00eembun\u0103t\u0103\u021besc aceast\u0103 abilitate!<\/em><\/p>\n<\/div><div class=\"btClear btSeparator topSmallSpaced bottomSmallSpaced noBorder\" ><hr><\/div><div class=\"btText\" ><p style=\"text-align: justify;\"><span style=\"color: #373a85;\"><strong>FORMATUL CURSULUI<br \/>\n<\/strong><\/span><\/p>\n<p>Cursul se va desf\u0103\u0219ura \u00een format fizic, la sediul AGEO Events.<\/p>\n<\/div><div class=\"btClear btSeparator topSmallSpaced bottomSmallSpaced noBorder\" ><hr><\/div><div class=\"btText\" ><p style=\"text-align: justify;\"><span style=\"text-decoration: underline;\"><span style=\"color: #0000ff; text-decoration: underline;\"><a style=\"color: #0000ff; text-decoration: underline;\" href=\"https:\/\/forms.gle\/uJjmHHLhaPE9twYe9\">\u00censcrie-te acum!<\/a><\/span><\/span><\/p>\n<p style=\"text-align: justify;\">Pentru informa\u0163ii suplimentare ne pute\u0163i contacta la num\u0103rul de telefon 0753 041 645 sau prin e-mail, la <span style=\"text-decoration: underline;\"><span style=\"color: #0000ff; text-decoration: underline;\"><a style=\"color: #0000ff; text-decoration: underline;\" href=\"mailto:contact@ageo.ro\">contact@ageo.ro<\/a><\/span><\/span><u><\/u>.<\/p>\n<\/div><\/div><\/div><\/div><\/div><\/div><\/div><\/div><\/section><\/div>","protected":false},"excerpt":{"rendered":"","protected":false},"author":2,"featured_media":18297,"parent":0,"menu_order":0,"comment_status":"closed","ping_status":"closed","template":"","meta":[],"yst_prominent_words":[],"_links":{"self":[{"href":"https:\/\/ageo.ro\/biz\/wp-json\/wp\/v2\/pages\/15919"}],"collection":[{"href":"https:\/\/ageo.ro\/biz\/wp-json\/wp\/v2\/pages"}],"about":[{"href":"https:\/\/ageo.ro\/biz\/wp-json\/wp\/v2\/types\/page"}],"author":[{"embeddable":true,"href":"https:\/\/ageo.ro\/biz\/wp-json\/wp\/v2\/users\/2"}],"replies":[{"embeddable":true,"href":"https:\/\/ageo.ro\/biz\/wp-json\/wp\/v2\/comments?post=15919"}],"version-history":[{"count":30,"href":"https:\/\/ageo.ro\/biz\/wp-json\/wp\/v2\/pages\/15919\/revisions"}],"predecessor-version":[{"id":18302,"href":"https:\/\/ageo.ro\/biz\/wp-json\/wp\/v2\/pages\/15919\/revisions\/18302"}],"wp:featuredmedia":[{"embeddable":true,"href":"https:\/\/ageo.ro\/biz\/wp-json\/wp\/v2\/media\/18297"}],"wp:attachment":[{"href":"https:\/\/ageo.ro\/biz\/wp-json\/wp\/v2\/media?parent=15919"}],"wp:term":[{"taxonomy":"yst_prominent_words","embeddable":true,"href":"https:\/\/ageo.ro\/biz\/wp-json\/wp\/v2\/yst_prominent_words?post=15919"}],"curies":[{"name":"wp","href":"https:\/\/api.w.org\/{rel}","templated":true}]}}