{"id":15441,"date":"2019-05-23T14:51:26","date_gmt":"2019-05-23T11:51:26","guid":{"rendered":"http:\/\/ageo.ro\/biz\/?page_id=15441"},"modified":"2019-05-23T16:48:11","modified_gmt":"2019-05-23T13:48:11","slug":"politica-de-cookies","status":"publish","type":"page","link":"https:\/\/ageo.ro\/biz\/politica-de-cookies\/","title":{"rendered":"Politica de cookies"},"content":{"rendered":"<div class=\"bt_rc_container\"><section id=\"bt_section69ee32f229b8b\"  class=\"boldSection gutter\" ><div class=\"port\"><div class=\"boldCell\"><div class=\"boldCellInner\"><\/div><\/div><\/div><\/section><div class=\"boldRow \" ><div class=\"boldRowInner\"><\/div><\/div><header class=\"header btClear extralarge\" ><div class=\"dash\"><h2><span class=\"headline\">Politica de cookies<\/span><\/h2><\/div><\/header><div class=\"btText\" ><\/div>\r\n<p style=\"text-align: justify;\">Aceast\u0103 politic\u0103 de cookies explic\u0103 modul \u00een care site-ul www.ageo.ro\/biz, operat de SC BIOCOMP SRL &#8211; Divizia AGEO Events, folose\u015fte cookies. Utilizarea este valabil\u0103 pentru toate variantele site-ului: web, mobil \u0219i tablet\u0103.<\/p>\r\n<p style=\"text-align: justify;\">Acest website folose\u015fte cookies proprii \u015fi de la ter\u0163i pentru a furniza vizitatorilor o experien\u0163\u0103 mult mai bun\u0103 de navigare \u015fi servicii adaptate nevoilor \u015fi interesului fiec\u0103ruia.<\/p>\r\n<p style=\"text-align: justify;\">\u00cen ceea ce numim web 2.0, cookies joac\u0103 un rol important \u00een facilitarea accesului \u015fi livr\u0103rii multiplelor servicii de care utilizatorul se bucur\u0103 pe internet, cum ar fi:<\/p>\r\n\r\n<ul style=\"text-align: justify;\">\r\n \t<li>Personalizarea anumitor set\u0103ri precum: limba \u00een care este vizualizat un site, moneda \u00een care se exprim\u0103 anumite pre\u0163uri sau tarife, p\u0103strarea op\u0163iunilor pentru diverse produse (m\u0103suri, alte detalii etc) \u00een co\u015ful de cump\u0103r\u0103turi (\u015fi memorarea acestor optiuni) &#8211; gener\u00e2ndu-se astfel flexibilitatea co\u015fului de cump\u0103r\u0103turi (accesarea preferin\u0163elor vechi prin accesarea butonului \u00eenainte \u015fi inapoi)<\/li>\r\n \t<li>Cookies ofer\u0103 de\u0163in\u0103torilor de site-uri un feedback valoros asupra modului \u00een care sunt utilizate site-urile lor de c\u0103tre utilizatori, astfel \u00eenc\u00e2t s\u0103 le poat\u0103 face \u015fi mai eficiente \u015fi mai accesibile pentru utilizatori.<\/li>\r\n \t<li>Permit aplica\u0163iilor multimedia sau de alt tip de pe alte site-uri s\u0103 fie incluse \u00eentr-un anumit site pentru a crea o experien\u0163\u0103 de navigare mai valoroas\u0103, mai util\u0103 \u015fi mai placut\u0103;<\/li>\r\n \t<li>\u00cembun\u0103t\u0103\u0163esc eficien\u0163a publicit\u0103\u0163ii online.<\/li>\r\n<\/ul>\r\n<h4 style=\"text-align: justify;\"><span style=\"color: #000080;\"><strong>Ce este un cookie?<\/strong><\/span><\/h4>\r\n<p style=\"text-align: justify;\">Un cookie este un fi\u0219ier mic de date care con\u021bine un num\u0103r de identificare unic pe care un site \u00eel plaseaz\u0103 pe computerul dvs. sau pe dispozitivul dvs. mobil atunci c\u00e2nd vizita\u021bi site-ul. Cookie-ul poate s\u0103 stocheze o varietate de informa\u021bii utilizate pentru \u00eembun\u0103t\u0103\u021birea \u0219i personalizarea experien\u021bei dvs. de navigare.<\/p>\r\n<p style=\"text-align: justify;\">Un cookie este format din 2 p\u0103r\u0163i: numele \u015fi con\u0163inutul sau valoarea cookie-ului. Mai mult, durata de existen\u0163\u0103 a unui cookie este determinat\u0103; tehnic, doar webserverul care a trimis cookie-ul \u00eel poate accesa din nou \u00een momentul \u00een care un utilizator se \u00eentoarce pe website-ul asociat web-serverului respectiv.<\/p>\r\n<p style=\"text-align: justify;\">Cookies \u00een sine nu solicit\u0103 informa\u0163ii cu caracter personal pentru a putea fi utilizate \u015fi, \u00een cele mai multe cazuri, nu identific\u0103 personal utilizatorii de internet.<\/p>\r\n<p style=\"text-align: justify;\">Exista 2 categorii mari de cookies:<\/p>\r\n\r\n<ul style=\"text-align: justify;\">\r\n \t<li>Cookies de sesiune &#8211; acestea sunt stocate temporar \u00een dosarul de cookies al browserului web pentru ca acesta s\u0103 le memoreze p\u00e2n\u0103 c\u00e2nd utilizatorul iese de pe web-siteul respectiv sau \u00eenchide fereastra browserului (ex: \u00een momentul log\u0103rii\/delog\u0103rii pe un cont de webmail sau pe re\u0163ele de socializare).<\/li>\r\n \t<li>Cookies persistente &#8211; Acestea sunt stocate pe hard-drive-ul unui computer sau echipament (\u015fi \u00een general depinde de durata de via\u0163\u0103 prestabilit\u0103 pentru cookie). Cookie-urile persistente le includ \u015fi pe cele plasate de un alt website dec\u00e2t cel pe care \u00eel viziteaz\u0103 utilizatorul la momentul respectiv &#8211; cunoscute sub numele de third party cookies (cookieuri plasate de ter\u0163i) &#8211; care pot fi folosite \u00een mod anonim pentru a memora interesele unui utilizator, astfel \u00eenc\u00e2t s\u0103 fie livrat\u0103 publicitate c\u00e2t mai relevant\u0103 pentru utilizatori.<\/li>\r\n<\/ul>\r\n&nbsp;\r\n<h4 style=\"text-align: justify;\"><span style=\"color: #000080;\"><strong>Care sunt avantajele cookie-urilor?<\/strong><\/span><\/h4>\r\n<p style=\"text-align: justify;\">Un cookie con\u0163ine informa\u0163ii care fac leg\u0103tura \u00eentre un web-browser (utilizatorul) \u015fi un web-server anume (website-ul). Dac\u0103 un browser acceseaz\u0103 acel web-server din nou, acesta poate citi informa\u0163ia deja stocat\u0103 \u015fi reac\u0163iona \u00een consecin\u0163\u0103. Cookies asigur\u0103 userilor o experien\u0163\u0103 pl\u0103cut\u0103 de navigare \u015fi sus\u0163in eforturile multor websiteuri pentru a oferi servicii confortabile utilizatorillor: preferin\u0163ele \u00een materie de confiden\u0163ialitate online, op\u0163iunile privind limba site-ului, co\u015furi de cump\u0103r\u0103turi sau publicitate relevant\u0103.<\/p>\r\n&nbsp;\r\n<h4 style=\"text-align: justify;\"><span style=\"color: #000080;\"><strong>Care este durata de via\u0163\u0103 a unui cookie?<\/strong><\/span><\/h4>\r\n<p style=\"text-align: justify;\">Cookies sunt administrate de webservere. Durata de via\u0163\u0103 a unui cookie poate varia semnificativ, depinz\u00e2nd de scopul pentru care este plasat. Unele cookies sunt folosite exclusiv pentru o singur\u0103 sesiune (session cookies) \u015fi nu mai sunt re\u0163inute odat\u0103 ce utilizatorul a p\u0103r\u0103sit website-ul \u015fi unele cookies sunt re\u0163inute \u015fi refolosite de fiecare dat\u0103 c\u00e2nd utilizatorul revine pe acel website (cookie-uri permanente). Cu toate aceste, cookies pot fi \u015fterse de un utilizator \u00een orice moment prin intermediul set\u0103rilor browserului.<\/p>\r\n&nbsp;\r\n<h4 style=\"text-align: justify;\"><span style=\"color: #000080;\"><strong>Ce sunt cookie-urile plasate de ter\u0163i?<\/strong><\/span><\/h4>\r\n<p style=\"text-align: justify;\">Anumite sec\u0163iuni de con\u0163inut de pe unele site-uri pot fi furnizate prin intermediul unor ter\u0163e p\u0103r\u0163i. Aceste ter\u0163e p\u0103r\u0163i pot plasa de asemenea cookies prin intermediul site-ului \u015fi ele se numesc third party cookies pentru c\u0103 nu sunt plasate de proprietarul website-ului respectiv. Furnizorii ter\u0163i trebuie s\u0103 respecte de asemenea legea \u00een vigoare \u015fi politicile de confiden\u0163ialitate ale de\u0163in\u0103torului site-ului.<\/p>\r\n&nbsp;\r\n<h4 style=\"text-align: justify;\"><strong><span style=\"color: #000080;\">Cum folose\u015fte AGEO Events cookies?<\/span> <\/strong><\/h4>\r\n<p style=\"text-align: justify;\">Utiliz\u0103m cookies pe site-ul noastru, inclusiv cookies provenite de la o ter\u021b\u0103 parte, cum ar fi Google Analytics. Modulele cookie ne permit s\u0103 \u00een\u021belegem c\u00e2t de des utilizatorii viziteaz\u0103 site-ul nostru, de unde vin, paginile specifice vizitate \u0219i preferin\u021bele utilizatorilor.<\/p>\r\n<p style=\"text-align: justify;\">Folosim aceste informa\u021bii pentru a \u00eembun\u0103t\u0103\u021bi viteza, func\u021bionalitatea \u0219i con\u021binutul pe care le furniz\u0103m.<\/p>\r\n<p style=\"text-align: justify;\">Modulele cookie pe care le folosim pe site-ul nostru nu fac referire la informa\u021bii personale.<\/p>\r\n<p style=\"text-align: justify;\">O vizit\u0103 pe site-ul www.ageo.ro\/biz poate plasa cookies \u00een scopuri de:<\/p>\r\n\r\n<ul style=\"text-align: justify;\">\r\n \t<li>Cookies de analiz\u0103 a vizitatorilor<\/li>\r\n \t<li>Cookies pentru geotargetting<\/li>\r\n<\/ul>\r\n<h5><\/h5>\r\n<h5 style=\"text-align: justify;\"><span style=\"color: #000080;\"><strong>Cookie-uri pentru analiza vizitatorilor<\/strong><\/span><\/h5>\r\n<p style=\"text-align: justify;\">De fiecare dat\u0103 c\u00e2nd un utilizator viziteaz\u0103 acest site softul de analytics furnizat de o ter\u0163\u0103 parte genereaz\u0103 un cookie de analiz\u0103 a utilizatorului. Acest cookie ne spune dac\u0103 a\u0163i mai vizitat acest site p\u00e2n\u0103 acum. Browserul ne va spune dac\u0103 ave\u0163i acest cookie, iar dac\u0103 nu, vom genera unul. Acesta permite monitorizarea utilizatorilor unici care ne viziteaz\u0103 \u015fi c\u00e2t de des o fac.<\/p>\r\n&nbsp;\r\n<h5 style=\"text-align: justify;\"><span style=\"color: #000080;\"><strong>Cookie-uri pentru geotargetting<\/strong><\/span><\/h5>\r\n<p style=\"text-align: justify;\">Aceste cookie-uri sunt utilizate de c\u0103tre un soft care stabile\u015fte din ce \u0163ar\u0103 proveni\u0163i. Este complet anonim \u015fi este folosit doar pentru a targeta con\u0163inutul.<\/p>\r\n&nbsp;\r\n<h4><span style=\"color: #000080;\">Ce tip de informa\u0163ii sunt stocate \u015fi accesate prin intermediul cookies?<\/span><\/h4>\r\n<p style=\"text-align: justify;\">Cookies p\u0103streaz\u0103 informa\u0163ii \u00eentr-un fi\u015fier text de mici dimensiuni care permit unui website s\u0103 recunoasc\u0103 un browser. Webserverul va recunoa\u015fte browserul p\u00e2n\u0103 c\u00e2nd cookie-ul expir\u0103 sau este \u015fters.<\/p>\r\n<p style=\"text-align: justify;\">Cookie-ul stocheaz\u0103 informa\u0163ii importante care \u00eembun\u0103t\u0103\u0163esc experien\u0163a de navigare pe Internet (ex: set\u0103rile limbii \u00een care se dore\u015fte accesarea unui site; p\u0103strarea unui user logat \u00een contul de webmail; securitatea online banking; p\u0103strarea produselor \u00een co\u015ful de cump\u0103r\u0103turi).<\/p>\r\n\r\n<h4><\/h4>\r\n<h4><span style=\"color: #000080;\">De ce sunt cookies importante pentru Internet?<\/span><\/h4>\r\n<p style=\"text-align: justify;\">Cookies reprezint\u0103 punctul central al func\u0163ion\u0103rii eficiente a Internetului, ajut\u00e2nd la generarea unei experien\u0163e de navigare prietenoase \u015fi adaptat\u0103 preferin\u0163elor \u015fi intereselor fiec\u0103rui utilizator. Refuzarea sau dezactivarea cookieurilor poate face unele site-uri imposibil de folosit.<\/p>\r\n<p style=\"text-align: justify;\">Refuzarea sau dezactivarea cookie-urilor nu \u00eenseamn\u0103 c\u0103 nu ve\u0163i mai primi publicitate online &#8211; ci doar c\u0103 aceasta nu va mai putea \u0163ine cont de preferin\u0163ele \u015fi interesele dvs., eviden\u0163iate prin comportamentul de navigare.<\/p>\r\n&nbsp;\r\n<h4 style=\"text-align: justify;\"><span style=\"color: #000080;\"><strong>Securitate \u015fi probleme legate de confiden\u0163ialitate<\/strong><\/span><\/h4>\r\n<p style=\"text-align: justify;\">Cookieurile NU sunt viru\u015fi! Ele folosesc formate tip plain text. Nu sunt alc\u0103tuite din buc\u0103\u0163i de cod a\u015fa c\u0103 nu pot fi executate nici nu pot auto-rula. \u00cen consecin\u0163\u0103, nu se pot duplica sau replica pe alte re\u0163ele pentru a rula sau a se replica din nou. Deoarece nu pot \u00eendeplini aceste func\u0163ii, nu pot fi considerate viru\u015fi.<\/p>\r\n<p style=\"text-align: justify;\">Cookies pot fi totu\u015fi folosite pentru scopuri negative. Deoarece stocheaz\u0103 informa\u0163ii despre preferin\u0163ele \u015fi istoricul de navigare al utilizatorilor, at\u00e2t pe un anume site c\u00e2t \u015fi pe mai multe alte site-uri, cookies pot fi folosite ca o form\u0103 de Spyware. Multe produse anti-spyware sunt con\u015ftiente de acest fapt \u015fi \u00een mod constant marcheaz\u0103 cookie-urile pentru a fi \u015fterse \u00een cadrul procedurilor de \u015ftergere\/scanare anti-virus\/anti-spyware.<\/p>\r\n<p style=\"text-align: justify;\">\u00cen general, browserele au integrate set\u0103ri de confiden\u0163ialitate care furnizeaz\u0103 diferite nivele de acceptare a cookies, perioada de valabilitate \u015fi \u015ftergere automat\u0103 dup\u0103 ce utilizatorul a vizitat un anumit site.<\/p>\r\n&nbsp;\r\n<h4 style=\"text-align: justify;\"><span style=\"color: #000080;\"><strong>Alte aspecte de securitate legate de cookies:<\/strong><\/span><\/h4>\r\n<p style=\"text-align: justify;\">Deoarece protec\u0163ia identit\u0103\u0163ii este foarte valoroas\u0103 \u015fi reprezint\u0103 dreptul fiec\u0103rui utilizator de internet, este indicat s\u0103 se \u015ftie ce eventuale probleme pot crea cookie-urile. Pentru c\u0103 prin intermediul lor se transmit \u00een mod constant \u00een ambele sensuri informa\u0163ii \u00eentre browser \u015fi website, dac\u0103 un atacator sau persoan\u0103 neautorizat\u0103 intervine \u00een parcursul de transmitere a datelor, informa\u0163iile con\u0163inute de cookie pot fi interceptate.<\/p>\r\n<p style=\"text-align: justify;\">De\u015fi foarte rar, acest lucru se poate \u00eent\u00e2mpla dac\u0103 browserul se conecteaz\u0103 la server folosind o re\u0163ea necriptat\u0103 (ex: o re\u0163ea WiFi nesecurizat\u0103).<\/p>\r\n<p style=\"text-align: justify;\">Alte atacuri bazate pe cookie implic\u0103 set\u0103ri gre\u015fite ale cookie-urilor pe servere. Dac\u0103 un website nu solicit\u0103 browserului s\u0103 foloseasc\u0103 doar canale criptate, atacatorii pot folosi aceasta vulnerabilitate pentru a p\u0103c\u0103li browserele \u00een a trimite informa\u0163ii prin intermediul canalelor nesecurizate. Atacatorii utilizeaz\u0103 apoi informa\u0163iile \u00een scopuri de a accesa neautorizat anumite site-uri. Este foarte important s\u0103 fi\u0163i aten\u0163i \u00een alegerea metodei celei mai potrivite de protec\u0163ie a informa\u0163iilor personale.<\/p>\r\n\r\n<h4><\/h4>\r\n<h4 style=\"text-align: justify;\"><span style=\"color: #000080;\"><strong>Cookies pe site-urile la care le facem trimitere<\/strong><\/span><\/h4>\r\n<p style=\"text-align: justify;\">Pe site-ul nostru facem trimitere c\u0103tre alte site-uri web, cum ar fi re\u0163elele sociale. Recomad\u0103m s\u0103 examina\u021bi politicile de confiden\u021bialitate \u0219i cookie ale acestor site-uri web pentru a determina tipul de cookies utilizate de acestea.<\/p>\r\n&nbsp;\r\n<h4 style=\"text-align: justify;\"><span style=\"color: #000080;\"><strong>Sfaturi pentru o navigare sigur\u0103 \u015fi responsabil\u0103, bazat\u0103 pe cookies<\/strong><\/span><\/h4>\r\n<p style=\"text-align: justify;\">Datorit\u0103 flexibilit\u0103\u0163ii lor \u015fi a faptului c\u0103 majoritatea dintre cele mai vizitate site-uri, acestea sunt aproape inevitabile. Dezactivarea cookie-urilor nu va permite accesul utilizatorului pe site-urile cele mai r\u0103sp\u00e2ndite \u015fi utilizate, printre care Youtube, Gmail, Yahoo \u015fi altele.<\/p>\r\n<p style=\"text-align: justify;\">Iat\u0103 c\u00e2teva sfaturi care v\u0103 pot asigura c\u0103 naviga\u0163i f\u0103r\u0103 griji, \u00eens\u0103 cu ajutorul cookie-urilor:<\/p>\r\n\r\n<ul style=\"text-align: justify;\">\r\n \t<li>Particulariza\u0163i-v\u0103 set\u0103rile browserului \u00een ceea ce prive\u015fte cookie-urile pentru a reflecta un nivel confortabil al securit\u0103\u0163ii utiliz\u0103rii cookie-urilor.<\/li>\r\n \t<li>Daca nu v\u0103 deranjeaz\u0103 cookie-urile \u015fi sunte\u0163i singura persoan\u0103 care utilizeaz\u0103 computerul, pute\u0163i seta termene lungi de expirare pentru stocarea istoricului de navigare \u015fi al datelor personale de acces.<\/li>\r\n \t<li>Dac\u0103 \u00eemp\u0103r\u0163i\u0163i accesul la calculator, pute\u0163i lua \u00een considerare setarea browserului pentru a \u015fterge datele individuale de navigare de fiecare dat\u0103 c\u00e2nd \u00eenchide\u0163i browserul. Aceasta este o variant\u0103 de a accesa site-urile care plaseaz\u0103 cookie-uri \u015fi de a \u015fterge orice informa\u0163ie de vizitare la \u00eenchiderea sesiunii de navigare.<\/li>\r\n \t<li>Instala\u0163i-v\u0103 \u015fi updata\u0163i-v\u0103 constant aplica\u0163ii anti-spyware.<\/li>\r\n<\/ul>\r\n<ul style=\"text-align: justify;\">\r\n \t<li>Multe dintre aplica\u0163iile de detectare \u015fi prevenire a spyware-ului includ detectarea atacurilor pe site-uri. Astfel, \u00eempiedic\u0103 browserul de la a accesa website-uri care ar putea s\u0103 exploateze vulnerabilit\u0103\u0163ile browserului sau s\u0103 descarce software periculos.<\/li>\r\n<\/ul>\r\n<ul style=\"text-align: justify;\">\r\n \t<li>Asigura\u0163i-v\u0103 c\u0103 ave\u0163i browserul mereu updatat.<\/li>\r\n<\/ul>\r\n<ul style=\"text-align: justify;\">\r\n \t<li>Multe dintre atacurile bazate pe cookies se realizeaz\u0103 exploat\u00e2nd punctele slabe ale versiunilor vechi ale browserelor.<\/li>\r\n<\/ul>\r\n<p style=\"text-align: justify;\">Cookie-urile sunt pretutindeni \u015fi nu pot fi evitate dac\u0103 dori\u0163i s\u0103 v\u0103 bucura\u0163i de acces pe cele mai bune \u015fi cele mai mari site-uri de pe Internet &#8211; locale sau interna\u0163ionale. Cu o \u00een\u0163elegere clar\u0103 a modului lor de operare \u015fi a beneficiilor pe care le aduc, pute\u0163i lua m\u0103surile necesare de securitate astel \u00eenc\u00e2t s\u0103 pute\u0163i naviga cu \u00eencredere pe internet.<\/p>\r\n&nbsp;\r\n<h4 style=\"text-align: justify;\"><span style=\"color: #000080;\"><strong>Cum po\u0163i opri cookie-urile?<\/strong><\/span><\/h4>\r\n<p style=\"text-align: justify;\">Dezactivarea \u015fi refuzul de a primi cookie-uri pot face anumite site-uri impracticabile sau dificil de vizitat \u015fi folosit. De asemenea, refuzul de a accepta cookies nu \u00eenseamn\u0103 c\u0103 nu ve\u0163i mai primi\/vedea publicitate online.<\/p>\r\n<p style=\"text-align: justify;\">Este posibil\u0103 setarea din browser pentru ca aceste cookies s\u0103 nu mai fie acceptate sau po\u0163i seta browserul s\u0103 accepte cookies de la un site anume. Dar, de exemplu, dac\u0103 nu e\u015fti \u00eenregistat folosind cookie-urile, nu vei putea l\u0103sa comentarii.<\/p>\r\n<p style=\"text-align: justify;\">Toate browserele moderne ofer\u0103 posibilitatea de a schimba set\u0103rile cookie-urilor. Aceste set\u0103ri se g\u0103sesc de regul\u0103 \u00een op\u0163iuni sau \u00een meniul de preferin\u0163e al browserului t\u0103u.<\/p><\/div>","protected":false},"excerpt":{"rendered":"<p>Aceast\u0103 politic\u0103 de cookies explic\u0103 modul \u00een care site-ul www.ageo.ro\/biz, operat de SC BIOCOMP SRL &#8211; Divizia AGEO Events, folose\u015fte cookies. Utilizarea este valabil\u0103 pentru toate variantele site-ului: web, mobil \u0219i tablet\u0103. Acest website folose\u015fte cookies proprii \u015fi de la ter\u0163i pentru a furniza vizitatorilor o experien\u0163\u0103 mult mai bun\u0103 de navigare \u015fi servicii adaptate [&hellip;]<\/p>\n","protected":false},"author":2,"featured_media":0,"parent":0,"menu_order":0,"comment_status":"closed","ping_status":"closed","template":"","meta":[],"yst_prominent_words":[],"_links":{"self":[{"href":"https:\/\/ageo.ro\/biz\/wp-json\/wp\/v2\/pages\/15441"}],"collection":[{"href":"https:\/\/ageo.ro\/biz\/wp-json\/wp\/v2\/pages"}],"about":[{"href":"https:\/\/ageo.ro\/biz\/wp-json\/wp\/v2\/types\/page"}],"author":[{"embeddable":true,"href":"https:\/\/ageo.ro\/biz\/wp-json\/wp\/v2\/users\/2"}],"replies":[{"embeddable":true,"href":"https:\/\/ageo.ro\/biz\/wp-json\/wp\/v2\/comments?post=15441"}],"version-history":[{"count":6,"href":"https:\/\/ageo.ro\/biz\/wp-json\/wp\/v2\/pages\/15441\/revisions"}],"predecessor-version":[{"id":15523,"href":"https:\/\/ageo.ro\/biz\/wp-json\/wp\/v2\/pages\/15441\/revisions\/15523"}],"wp:attachment":[{"href":"https:\/\/ageo.ro\/biz\/wp-json\/wp\/v2\/media?parent=15441"}],"wp:term":[{"taxonomy":"yst_prominent_words","embeddable":true,"href":"https:\/\/ageo.ro\/biz\/wp-json\/wp\/v2\/yst_prominent_words?post=15441"}],"curies":[{"name":"wp","href":"https:\/\/api.w.org\/{rel}","templated":true}]}}