{"id":1074,"date":"2016-06-25T10:45:19","date_gmt":"2016-06-25T10:45:19","guid":{"rendered":"http:\/\/ageo.ro\/biz\/?page_id=1074"},"modified":"2016-09-23T12:17:15","modified_gmt":"2016-09-23T09:17:15","slug":"team-buildinguri","status":"publish","type":"page","link":"https:\/\/ageo.ro\/biz\/servicii-ageo-biz\/team-buildinguri\/","title":{"rendered":"Team Building-uri"},"content":{"rendered":"<div class=\"bt_rc_container\"><section id=\"bt_section69f0d91125d8f\" data-parallax=\"0.2\" data-parallax-offset=\"0\" class=\"boldSection topExtraSpaced bottomSpaced btDarkSkin gutter inherit btParallax wBackground cover\" style=\"background-image:url('https:\/\/ageo.ro\/biz\/wp-content\/uploads\/2016\/06\/bigstock-Group-of-business-people-assem-43125718-2.jpg');\" data-animation-icon=\"no_icon\"><div class=\"port\"><div class=\"boldCell\"><div class=\"boldCellInner\"><div class=\"boldRow \" ><div class=\"boldRowInner\"><div class=\"rowItem col-md-12 col-ms-12  btTextCenter animate animate-fadein inherit\"  data-width=\"12\"><div class=\"rowItemContent\" ><header class=\"header btClear extralarge\" ><div class=\"dash\"><h2><span class=\"headline\">Team Building-uri<\/span><\/h2><\/div><\/header><\/div><\/div><\/div><\/div><\/div><\/div><\/div><\/section><section id=\"bt_section69f0d9112642a\"  class=\"boldSection topSpaced bottomSpaced gutter inherit\" ><div class=\"port\"><div class=\"boldCell\"><div class=\"boldCellInner\"><div class=\"boldRow \" ><div class=\"boldRowInner\"><div class=\"rowItem col-md-6 col-sm-12 btTextLeft\"  data-width=\"6\"><div class=\"rowItemContent\" ><div class=\"bpgPhoto btTextCenter\" ><div class = \"btImage\"><img src=\"https:\/\/ageo.ro\/biz\/wp-content\/uploads\/2016\/06\/teambuilding.jpg\" alt=\"https:\/\/ageo.ro\/biz\/wp-content\/uploads\/2016\/06\/teambuilding.jpg\" ><\/div><\/div><\/div><\/div><div class=\"rowItem col-md-6 col-sm-12 btTextLeft\"  data-width=\"6\"><div class=\"rowItemContent\" ><div class=\"btText\" ><h3>Team Building-uri<\/h3>\n<p>Succesul este adus de o echip\u0103 unit\u0103 \u015fi eficient\u0103!<\/p>\n<p>Investe\u015fte \u00een echipa ta \u015fi \u00eenscrie-o \u00eentr-un program profesionist de team building!<\/p>\n<p>AGEO Biz \u00ee\u0163i ofer\u0103 numeroase programe personalizate, indiferent de domeniul t\u0103u de activitate. Programele de team building sunt organizate at\u00e2t pe departamente, c\u00e2t \u015fi pe direc\u0163ii de dezvoltare. Desf\u0103\u015furate at\u00e2t \u00een Ia\u015fi c\u00e2t \u015fi \u00een numeroase loca\u0163ii din Rom\u00e2nia, programele noastre ajut\u0103 la consolidarea rela\u0163iilor dintre angaja\u0163i \u015fi dezvoltarea unei atmosfere de lucru pl\u0103cute, astfel \u00eenc\u00e2t organiza\u0163ia ta s\u0103 fie una performant\u0103!<\/p>\n<p>&nbsp;<\/p>\n<p>&nbsp;<\/p>\n<\/div><\/div><\/div><\/div><\/div><\/div><\/div><\/div><\/section><\/div>","protected":false},"excerpt":{"rendered":"","protected":false},"author":1,"featured_media":0,"parent":40,"menu_order":0,"comment_status":"closed","ping_status":"closed","template":"","meta":[],"yst_prominent_words":[],"_links":{"self":[{"href":"https:\/\/ageo.ro\/biz\/wp-json\/wp\/v2\/pages\/1074"}],"collection":[{"href":"https:\/\/ageo.ro\/biz\/wp-json\/wp\/v2\/pages"}],"about":[{"href":"https:\/\/ageo.ro\/biz\/wp-json\/wp\/v2\/types\/page"}],"author":[{"embeddable":true,"href":"https:\/\/ageo.ro\/biz\/wp-json\/wp\/v2\/users\/1"}],"replies":[{"embeddable":true,"href":"https:\/\/ageo.ro\/biz\/wp-json\/wp\/v2\/comments?post=1074"}],"version-history":[{"count":14,"href":"https:\/\/ageo.ro\/biz\/wp-json\/wp\/v2\/pages\/1074\/revisions"}],"predecessor-version":[{"id":1859,"href":"https:\/\/ageo.ro\/biz\/wp-json\/wp\/v2\/pages\/1074\/revisions\/1859"}],"up":[{"embeddable":true,"href":"https:\/\/ageo.ro\/biz\/wp-json\/wp\/v2\/pages\/40"}],"wp:attachment":[{"href":"https:\/\/ageo.ro\/biz\/wp-json\/wp\/v2\/media?parent=1074"}],"wp:term":[{"taxonomy":"yst_prominent_words","embeddable":true,"href":"https:\/\/ageo.ro\/biz\/wp-json\/wp\/v2\/yst_prominent_words?post=1074"}],"curies":[{"name":"wp","href":"https:\/\/api.w.org\/{rel}","templated":true}]}}