{"id":1070,"date":"2016-06-25T10:44:13","date_gmt":"2016-06-25T10:44:13","guid":{"rendered":"http:\/\/ageo.ro\/biz\/?page_id=1070"},"modified":"2025-04-07T15:26:38","modified_gmt":"2025-04-07T12:26:38","slug":"organizare-evenimente-corporate","status":"publish","type":"page","link":"https:\/\/ageo.ro\/biz\/servicii-ageo-biz\/organizare-evenimente-corporate\/","title":{"rendered":"Evenimente corporate"},"content":{"rendered":"<div class=\"bt_rc_container\"><section id=\"bt_section69ee418343fe4\" data-parallax=\"0.2\" data-parallax-offset=\"0\" class=\"boldSection topExtraSpaced bottomSpaced btDarkSkin gutter inherit btParallax wBackground cover\" style=\"background-image:url('https:\/\/ageo.ro\/biz\/wp-content\/uploads\/2016\/06\/gallery-8.jpg');\" data-animation-icon=\"no_icon\"><div class=\"port\"><div class=\"boldCell\"><div class=\"boldCellInner\"><div class=\"boldRow \" ><div class=\"boldRowInner\"><div class=\"rowItem col-md-12 col-ms-12  btTextCenter animate animate-fadein inherit\"  data-width=\"12\"><div class=\"rowItemContent\" ><header class=\"header btClear extralarge\" ><div class=\"dash\"><h2><span class=\"headline\">Evenimente corporate<\/span><\/h2><\/div><\/header><\/div><\/div><\/div><\/div><\/div><\/div><\/div><\/section><section id=\"bt_section69ee418344653\"  class=\"boldSection topSpaced bottomSpaced gutter inherit\" ><div class=\"port\"><div class=\"boldCell\"><div class=\"boldCellInner\"><div class=\"boldRow \" ><div class=\"boldRowInner\"><div class=\"rowItem col-md-6 col-sm-12 btTextLeft\"  data-width=\"6\"><div class=\"rowItemContent\" ><div class=\"bpgPhoto btTextCenter\" ><div class = \"btImage\"><img src=\"https:\/\/ageo.ro\/biz\/wp-content\/uploads\/2025\/04\/AGEO-Facebook-Posts1.png\" alt=\"https:\/\/ageo.ro\/biz\/wp-content\/uploads\/2025\/04\/AGEO-Facebook-Posts1.png\" ><\/div><\/div><div class=\"btClear btSeparator topExtraSmallSpaced bottomExtraSmallSpaced noBorder\" ><hr><\/div><div class=\"bpgPhoto btTextCenter\" ><div class = \"btImage\"><img src=\"https:\/\/ageo.ro\/biz\/wp-content\/uploads\/2025\/04\/Colaj-2-Evenimente-corporate.png\" alt=\"https:\/\/ageo.ro\/biz\/wp-content\/uploads\/2025\/04\/Colaj-2-Evenimente-corporate.png\" ><\/div><\/div><\/div><\/div><div class=\"rowItem col-md-6 col-sm-12 btTextLeft\"  data-width=\"6\"><div class=\"rowItemContent\" ><div class=\"btText\" ><p style=\"text-align: justify;\">Succesul unui eveniment nu st\u0103 doar \u00een logistic\u0103, ci \u0219i \u00een crearea unor experien\u021be memorabile. Fie c\u0103 dore\u0219ti s\u0103 organizezi o conferin\u021b\u0103, un workshop, un congres, un t\u00e2rg, o lansare de produs, un teambuilding, o gal\u0103 aniversar\u0103 sau o petrecere corporate, echipa noastr\u0103 \u00ee\u021bi transform\u0103 viziunea \u00een realitate, cu profesionalism \u0219i creativitate.<\/p>\n<p><strong><span style=\"color: #373a85;\">Cu ce te putem ajuta:<\/span><\/strong><\/p>\n<p>\ud83d\udd37 Consultan\u021b\u0103 \u0219i management de eveniment<br \/>\n\ud83d\udd37 Hosting &amp; moderare<br \/>\n\ud83d\udd37 Concept &amp; styling de eveniment<br \/>\n\ud83d\udd37 Produc\u0163ie audio-vizual\u0103, sonoriz\u0103ri, lumini<br \/>\n\ud83d\udd37 Servicii foto-video<br \/>\n\ud83d\udd37 Management logistic<br \/>\n\ud83d\udd37 Catering, show-uri culinare<br \/>\n\ud83d\udd37 Managemetul resurselor umane, financiare \u015fi materiale<br \/>\n\ud83d\udd37 Management post-eveniment \u015fi evaluare<br \/>\n\ud83d\udd37 Servicii de promovare, comunicare, rela\u0163ii publice<br \/>\n\ud83d\udd37 Styling de eveniment<br \/>\n\ud83d\udd37 Show muzical, spectacole \u0219i surprize pentru evenimente unice<\/p>\n<p><span class=\"x193iq5w xeuugli x13faqbe x1vvkbs x1xmvt09 x1lliihq x1s928wv xhkezso x1gmr53x x1cpjm7i x1fgarty x1943h6x xudqn12 x3x7a5m x6prxxf xvq8zen xo1l8bm xzsf02u x1yc453h\" dir=\"auto\">Echipa AGEO are re\u021beta perfect\u0103 pentru reu\u0219ita ta \u0219i a afacerii tale!<\/span><\/p>\n<\/div><div class=\"btClear btSeparator topSmallSpaced bottomExtraSmallSpaced noBorder\" ><hr><\/div><a href=\"https:\/\/ageo.ro\/biz\/contact\/\" class=\"btBtn btBtn btnFilledStyle btnAccentColor btnSmall btnNormalWidth btnInlinePosition btnNoIcon\" ><span class=\"btnInnerText\">Contacteaz\u0103-ne acum!<\/span><\/a><\/div><\/div><\/div><\/div><\/div><\/div><\/div><\/section><\/div>","protected":false},"excerpt":{"rendered":"","protected":false},"author":1,"featured_media":0,"parent":40,"menu_order":0,"comment_status":"closed","ping_status":"closed","template":"","meta":[],"yst_prominent_words":[],"_links":{"self":[{"href":"https:\/\/ageo.ro\/biz\/wp-json\/wp\/v2\/pages\/1070"}],"collection":[{"href":"https:\/\/ageo.ro\/biz\/wp-json\/wp\/v2\/pages"}],"about":[{"href":"https:\/\/ageo.ro\/biz\/wp-json\/wp\/v2\/types\/page"}],"author":[{"embeddable":true,"href":"https:\/\/ageo.ro\/biz\/wp-json\/wp\/v2\/users\/1"}],"replies":[{"embeddable":true,"href":"https:\/\/ageo.ro\/biz\/wp-json\/wp\/v2\/comments?post=1070"}],"version-history":[{"count":20,"href":"https:\/\/ageo.ro\/biz\/wp-json\/wp\/v2\/pages\/1070\/revisions"}],"predecessor-version":[{"id":19239,"href":"https:\/\/ageo.ro\/biz\/wp-json\/wp\/v2\/pages\/1070\/revisions\/19239"}],"up":[{"embeddable":true,"href":"https:\/\/ageo.ro\/biz\/wp-json\/wp\/v2\/pages\/40"}],"wp:attachment":[{"href":"https:\/\/ageo.ro\/biz\/wp-json\/wp\/v2\/media?parent=1070"}],"wp:term":[{"taxonomy":"yst_prominent_words","embeddable":true,"href":"https:\/\/ageo.ro\/biz\/wp-json\/wp\/v2\/yst_prominent_words?post=1070"}],"curies":[{"name":"wp","href":"https:\/\/api.w.org\/{rel}","templated":true}]}}