{"id":1066,"date":"2016-06-25T10:43:22","date_gmt":"2016-06-25T10:43:22","guid":{"rendered":"http:\/\/ageo.ro\/biz\/?page_id=1066"},"modified":"2025-04-10T10:58:54","modified_gmt":"2025-04-10T07:58:54","slug":"coaching-mentorare-antreprenoriat-managementul-carierei","status":"publish","type":"page","link":"https:\/\/ageo.ro\/biz\/servicii-ageo-biz\/coaching-mentorare-antreprenoriat-managementul-carierei\/","title":{"rendered":"Coaching &#038; mentorare \u00een antreprenoriat \u0219i managementul carierei"},"content":{"rendered":"<div class=\"bt_rc_container\"><section id=\"bt_section69ee37034fa4e\" data-parallax=\"0.2\" data-parallax-offset=\"0\" class=\"boldSection topExtraSpaced bottomSpaced btDarkSkin gutter inherit btParallax wBackground cover\" style=\"background-image:url('https:\/\/ageo.ro\/biz\/wp-content\/uploads\/2025\/04\/Copy-Cover-coaching-2.png');\" data-animation-icon=\"no_icon\"><div class=\"port\"><div class=\"boldCell\"><div class=\"boldCellInner\"><div class=\"boldRow \" ><div class=\"boldRowInner\"><div class=\"rowItem col-md-12 col-ms-12  btTextCenter animate animate-fadein inherit\"  data-width=\"12\"><div class=\"rowItemContent\" ><header class=\"header btClear extralarge\" ><div class=\"dash\"><h2><span class=\"headline\">Coaching &amp; mentorare \u00een antreprenoriat \u0219i managementul carierei<\/span><\/h2><\/div><\/header><\/div><\/div><\/div><\/div><\/div><\/div><\/div><\/section><section id=\"bt_section69ee3703504c8\"  class=\"boldSection topSpaced bottomSpaced gutter inherit\" ><div class=\"port\"><div class=\"boldCell\"><div class=\"boldCellInner\"><div class=\"boldRow \" ><div class=\"boldRowInner\"><div class=\"rowItem col-md-6 col-sm-12 btTextLeft\"  data-width=\"6\"><div class=\"rowItemContent\" ><div class=\"bpgPhoto btTextCenter\" ><div class = \"btImage\"><img src=\"https:\/\/ageo.ro\/biz\/wp-content\/uploads\/2025\/04\/Colaj-Coaching.png\" alt=\"https:\/\/ageo.ro\/biz\/wp-content\/uploads\/2025\/04\/Colaj-Coaching.png\" ><\/div><\/div><\/div><\/div><div class=\"rowItem col-md-6 col-sm-12 btTextLeft\"  data-width=\"6\"><div class=\"rowItemContent\" ><div class=\"btText\" ><p style=\"text-align: justify;\">\u00cen lumea dinamic\u0103 \u0219i competitiv\u0103 de ast\u0103zi, atingerea succesului \u00een antreprenoriat \u0219i construirea unei cariere \u00eemplinite necesit\u0103 mai mult dec\u00e2t talent \u0219i munc\u0103 asidu\u0103. Necesit\u0103 o strategie clar\u0103, o mentalitate puternic\u0103 \u0219i un partener de \u00eencredere care s\u0103 te ghideze pe drumul cel bun. Aici intervine coachingul personalizat, o resurs\u0103 valoroas\u0103 pentru antreprenorii ambi\u021bio\u0219i \u0219i profesioni\u0219tii dedica\u021bi.<\/p>\n<p>Speciali\u0219tii AGEO Events te vor ghida \u0219i vor lucra cot la cot cu tine pentru a-\u021bi \u00eendeplini obiectivele prin:<\/p>\n<p>\ud83d\udd37 Sesiuni personalizate de coaching \u0219i mentorare<br \/>\n\ud83d\udd37 Consiliere dezvoltare personal\u0103 \u0219i profesional\u0103<br \/>\n\ud83d\udd37 Sesiuni de consiliere \u00een leadership coaching \u0219i managementul performan\u021bei personale<br \/>\n\ud83d\udd37 Sesiuni private one-on-one pe diverse tematici.<\/p>\n<\/div><div class=\"btClear btSeparator topSmallSpaced bottomExtraSmallSpaced noBorder\" ><hr><\/div><a href=\"https:\/\/ageo.ro\/biz\/contact\/\" class=\"btBtn btBtn btnFilledStyle btnAccentColor btnSmall btnNormalWidth btnInlinePosition btnNoIcon\" ><span class=\"btnInnerText\">Contacteaz\u0103-ne acum!<\/span><\/a><\/div><\/div><\/div><\/div><\/div><\/div><\/div><\/section><\/div>","protected":false},"excerpt":{"rendered":"","protected":false},"author":1,"featured_media":0,"parent":40,"menu_order":0,"comment_status":"closed","ping_status":"closed","template":"","meta":[],"yst_prominent_words":[],"_links":{"self":[{"href":"https:\/\/ageo.ro\/biz\/wp-json\/wp\/v2\/pages\/1066"}],"collection":[{"href":"https:\/\/ageo.ro\/biz\/wp-json\/wp\/v2\/pages"}],"about":[{"href":"https:\/\/ageo.ro\/biz\/wp-json\/wp\/v2\/types\/page"}],"author":[{"embeddable":true,"href":"https:\/\/ageo.ro\/biz\/wp-json\/wp\/v2\/users\/1"}],"replies":[{"embeddable":true,"href":"https:\/\/ageo.ro\/biz\/wp-json\/wp\/v2\/comments?post=1066"}],"version-history":[{"count":35,"href":"https:\/\/ageo.ro\/biz\/wp-json\/wp\/v2\/pages\/1066\/revisions"}],"predecessor-version":[{"id":19295,"href":"https:\/\/ageo.ro\/biz\/wp-json\/wp\/v2\/pages\/1066\/revisions\/19295"}],"up":[{"embeddable":true,"href":"https:\/\/ageo.ro\/biz\/wp-json\/wp\/v2\/pages\/40"}],"wp:attachment":[{"href":"https:\/\/ageo.ro\/biz\/wp-json\/wp\/v2\/media?parent=1066"}],"wp:term":[{"taxonomy":"yst_prominent_words","embeddable":true,"href":"https:\/\/ageo.ro\/biz\/wp-json\/wp\/v2\/yst_prominent_words?post=1066"}],"curies":[{"name":"wp","href":"https:\/\/api.w.org\/{rel}","templated":true}]}}